= r - -111. What is the units digit of n?
7
Suppose i + 425 = 4*z + z, 277 = 3*z - 5*i. What is the tens digit of (z/(-15))/((-2)/15)?
4
Suppose -s - 86 = -3*s. Let z = s + -2. What is the units digit of z?
1
Suppose 4*q = 12, -8*c + q = -13*c + 5388. What is the hundreds digit of c?
0
Let w(y) = -y**3 + 6*y**2 + y - 6. Let g be w(6). Suppose g = 3*h - 5*h + 10. Suppose -5*t + 4*n = -100 - 20, 2*n - 90 = -h*t. What is the tens digit of t?
2
Let o(y) = y**3 - 12*y**2 + y - 6. What is the units digit of o(12)?
6
Suppose 4*g + 3*m - 5042 = -2*m, -g = -4*m - 1250. What is the thousands digit of g?
1
Let c(b) = b**3 - 9*b - 9. What is the tens digit of c(5)?
7
Suppose 6*n = 241 + 3677. What is the hundreds digit of n?
6
What is the thousands digit of (4 - 2)/(8/16808)?
4
Let z be (1 - 4) + (-12)/2. Let r = 23 - 29. What is the units digit of (r/z)/(4/324)?
4
Suppose 0 = q - 5*m - 10, -7 = -3*q + q - 3*m. What is the tens digit of (-2 + q)*(-4)/(-3)*20?
8
Let i = -1494 - -3682. What is the units digit of i?
8
Let h = -857 + 1139. What is the tens digit of h?
8
Let g(f) = -f - 10. Let q be g(-14). Suppose -4*c + 373 = -k, 101 + 155 = 3*c + q*k. What is the tens digit of c?
9
Suppose -j - 5*k + 10 = -6*k, 5*j - 2*k - 44 = 0. Suppose j*r = 12*r - 348. What is the units digit of r?
7
Let d be (-494)/10 + (-21)/35. Let h = -34 - d. Let c = -2 + h. What is the units digit of c?
4
Suppose -4*m + 17*l = 14*l - 4551, -5*m - 2*l = -5660. What is the thousands digit of m?
1
Let a(q) = 9*q**2 - 30*q + 442. What is the thousands digit of a(19)?
3
Suppose -3*m + 2740 = -5*i - 2281, 2*i = 5*m - 8343. What is the tens digit of m?
6
What is the units digit of (106/(-5) + -2)/(2/(-95))?
2
Let a = -55 + 58. Suppose -a*x - 308 = -2*l - x, 4*l + 2*x - 640 = 0. What is the tens digit of l?
5
Let w(t) = 22*t**2 - 4. What is the tens digit of w(5)?
4
Let v(k) = -k**2 + 15*k + 59. Let d be v(14). Let r be 7/3 - (-4)/6. Suppose 2*i - d = -r*b, 2*i + i = 3*b - 63. What is the units digit of b?
3
Suppose 3*h + 2*t = 5226, 0 = -5*h - 4*t + 2725 + 5985. What is the tens digit of h?
4
Let n(g) = 599*g**2 + 9*g + 8. What is the units digit of n(-2)?
6
Let k(r) = 5*r**2 - 27*r - 46. What is the tens digit of k(-17)?
5
What is the tens digit of (-922)/(-7) - -2 - (-8)/28?
3
Let w(p) = 1. Let s(a) = 55*a + 25. Let d(v) = s(v) + 3*w(v). What is the units digit of d(4)?
8
Let m(j) = j**3 - j**2 - j - 2. Let p be m(4). Suppose 4*i = 2*i + 4, -3*x - 3*i = -p. Suppose 4*n = -x, -4*n = -3*t - 0*n + 90. What is the tens digit of t?
2
Let h(x) = -5*x**3 - 5*x**2 + 25*x + 3. What is the tens digit of h(-6)?
5
Let k(c) = -6*c + 15*c - 63 - 8*c + 37*c. What is the hundreds digit of k(7)?
2
Let c(w) = -w**3 - 11*w**2 + 17*w - 4. Let g be c(-12). Let a = 120 + g. What is the units digit of a?
6
Suppose -3*u + 8 + 4 = 0. Suppose -u*v + 175 = -2*v - 5*h, -4*v + 338 = 2*h. What is the tens digit of v?
8
Let m(j) = -485*j + 65. What is the tens digit of m(-1)?
5
Let f = 16 + -9. Let m = 5 - f. What is the tens digit of m - (-3 - 34) - 2?
3
Let h(w) = 26*w**2 + 22*w - 279. What is the thousands digit of h(10)?
2
Let v = 18 + -15. Suppose 0 = -m - 5*x + 43, -2*m - v*m + 5*x + 155 = 0. Suppose -3*g = 5*n + 2*g - 45, -5*n = -g - m. What is the units digit of n?
7
Let c be -1*15/(-3 - -4) - -4. Let r = c + 120. What is the units digit of r?
9
Let g(m) = m**3 + 11*m**2 + 10*m - 14. Let w be g(-10). Let x be (-186)/(-15) - (-4)/(-10). Let z = x - w. What is the tens digit of z?
2
Suppose -6*t + x + 31 = -2*t, 0 = 4*x - 4. What is the units digit of (12/t - 1)*188?
4
What is the units digit of (37/37)/(1/471)?
1
Let m = -7902 + 11242. What is the hundreds digit of m?
3
Suppose 9*k = 42*k - 4026. What is the units digit of k?
2
Let i = 239 + 671. What is the hundreds digit of i?
9
Let q(v) = -6*v**2 + 9*v. Let z be 9*(2 - 1) - 2. Let h(t) = -11*t**2 + 18*t. Let o(i) = z*q(i) - 4*h(i). What is the tens digit of o(8)?
5
Let s be (-1)/(1*(-3 + 2)). Let k = 70 - 61. What is the tens digit of (k + 0)*(s - -1)?
1
Let r = 76 - 134. Suppose 0 = -2*a - 3*u + 16, 3*a + 3*u + 0*u = 21. What is the tens digit of (-5 - r) + a + -3?
5
Let q = -3531 - -7900. What is the tens digit of q?
6
Suppose -6*c + 51 = -93. Suppose c - 104 = 4*f. Let a = 39 + f. What is the tens digit of a?
1
Suppose 5*s = 932 + 343. What is the units digit of s?
5
Suppose -3*a + 5609 = 4*y, -5*y - 40*a + 45*a = -7055. What is the thousands digit of y?
1
What is the hundreds digit of (18 - 16)*(-226)/(-4)?
1
Suppose 2937 + 23107 = 34*d. What is the tens digit of d?
6
Suppose 0 = 25*i - 14265 + 3440. What is the units digit of i?
3
Let w(y) = -300*y - 32. What is the tens digit of w(-1)?
6
Let j(v) = v**3 - 4*v**2 - 4*v + 3. Let s be ((-18)/(-3))/(8/4). Suppose -25 = -2*a - s*u, -30 = -3*a - 0*a - 3*u. What is the units digit of j(a)?
8
Let r(k) be the third derivative of 11*k**5/60 + k**4/6 + k**3/2 - 13*k**2. What is the units digit of r(-3)?
0
Let z = -507 + 850. What is the units digit of z?
3
Suppose 4*i - 9712 = -6*d, 0 = 2*d + 3*d + 3*i - 8095. What is the tens digit of d?
2
Let h = -7 - -12. Suppose -h*y + 3*y = 0. Let a(r) = -r**3 + r**2 + r + 16. What is the tens digit of a(y)?
1
What is the hundreds digit of 7 + -15*678/(-18)?
5
Let c(w) = -w**3 - 14*w**2 - 26*w - 162. What is the units digit of c(-14)?
2
Suppose -3*g - 5*t - 104 = 0, 32 = -g - 3*t - 4. What is the units digit of (22/g)/(2/(-312))?
4
Let m(z) = z - 19. Let l be m(14). Let h be 1*38/(-5)*l. Let n = -7 + h. What is the units digit of n?
1
Let x(b) = -b**3 - 4*b**2 + 5*b + 3. Let g be x(-5). Suppose 2*m + 18 = -m. What is the units digit of (-2)/m - (-26)/g?
9
Let w be (-4 - 6)/((-3)/(-6)). What is the units digit of ((-20)/(-16))/((-5)/w)?
5
Suppose -532 = -16*f + 1260. What is the units digit of f?
2
Let k(x) = -14*x - 16. Let h be k(-2). What is the tens digit of -22*(-6)/(h/19)?
0
Let o(w) = 7*w**2 - 4*w - 1. Let d be o(-2). Suppose a - 25 = d. What is the units digit of (-247)/(-6) - 10/a?
1
Suppose 2*t + 28 = 76. Let o = t - 13. Suppose -a = -3*p + 68 + o, -5 = 5*a. What is the units digit of p?
6
Suppose -5*y - n = -0*n - 252, 0 = -2*y - n + 102. Let w = 6 - -5. Let r = y - w. What is the units digit of r?
9
Let s be (-4 - (-36)/8)/((-2)/(-4)). What is the tens digit of -23*(20/(-6) + s/3)?
6
Suppose 5*o - 3*o - 10 = 0. Suppose n + 7 - o = 0. What is the tens digit of (144/4 - n) + -1?
3
Let n = 20 + -6. Let s be n/(-21) - (-34)/(-3). Let f = 27 + s. What is the units digit of f?
5
Let t = 1318 - 427. What is the units digit of t?
1
Let q(y) = y**3 + 2*y + 5. What is the tens digit of q(8)?
3
Let g(w) be the second derivative of -1/12*w**4 - 4*w - 2*w**2 - 3/2*w**3 + 0. What is the tens digit of g(-7)?
1
Suppose -546 = -17*x + 1919. What is the tens digit of x?
4
Suppose 0 = 5*m - 19 - 26. Suppose 4*j - 82 = -3*n - 0*n, -n - 5*j + m = 0. What is the tens digit of n?
3
Let d(n) = -n + 6. Let g(q) = -q + 5. Let y(f) = 4*d(f) - 3*g(f). Let h be y(9). Suppose h*m + 2*m - 16 = 0. What is the units digit of m?
8
Suppose 21*n - 17*n - 40 = 0. Suppose -n*u = -0*u - 190. What is the units digit of u?
9
What is the tens digit of (11 + -17)*(-38)/6?
3
Suppose 0 = -3*r + 11 + 4. Suppose -3*p - 229 = -4*q, -p + r*p = -4*q + 264. What is the units digit of q?
1
What is the hundreds digit of 5000/4 - 10 - 1?
2
Let r(a) = -a**3 + 2*a**2 - 4*a - 3. Let g(m) = -m**3 + m + 1. Let o(n) = 3*g(n) + r(n). Let s be o(1). What is the tens digit of 81*(-6 - s)/(-9)?
2
Suppose -3*a = -2 + 5. What is the hundreds digit of (51 + 3 + a)/(8/16)?
1
Let l(u) = -8*u + u**2 + 1 + 20 - 6*u - 2*u. What is the units digit of l(17)?
8
Let v = 3149 + -1989. What is the units digit of v?
0
Suppose -3*p + 0*r + 5*r + 317 = 0, 2*p - 3*r - 211 = 0. Suppose -8*w + 162 = -7*w. Let y = w - p. What is the units digit of y?
8
Let q be (-1 - -2)*(1 + -2)*-3. Suppose q*c - 38 = 19. What is the tens digit of c?
1
Suppose 37*i = 52*i - 18600. What is the units digit of i?
0
Let d(b) = -4*b - 11. Let v be d(-5). Suppose -l + 38 + v = 0. What is the units digit of l?
7
Let o be (3/2)/(39/52). Suppose 0 = -v + o*c + 13, -v - 3*c = 2. Let a(q) = 2*q - 5. What is the units digit of a(v)?
9
Suppose 5*c + 10 = 10*c. Suppose 